lculate the remainder when 836033 is divided by 20898.
113
Calculate the remainder when 7811642 is divided by 1441.
1422
Calculate the remainder when 3544392 is divided by 918.
912
Calculate the remainder when 100171794 is divided by 4239.
4224
What is the remainder when 26981421 is divided by 13490707?
7
Calculate the remainder when 601755 is divided by 1859.
1298
Calculate the remainder when 1263058 is divided by 3054.
1756
Calculate the remainder when 172637356 is divided by 449.
448
What is the remainder when 7437313 is divided by 2152?
1
Calculate the remainder when 145908 is divided by 145741.
167
Calculate the remainder when 113767 is divided by 1839.
1588
What is the remainder when 1871228 is divided by 565?
513
Calculate the remainder when 2151436 is divided by 344.
60
Calculate the remainder when 275917 is divided by 91654.
955
What is the remainder when 371382 is divided by 53034?
144
What is the remainder when 37051 is divided by 11510?
2521
Calculate the remainder when 346357 is divided by 172720.
917
What is the remainder when 993351 is divided by 1463?
1437
What is the remainder when 289214 is divided by 2704?
2590
What is the remainder when 16067614 is divided by 2577?
19
Calculate the remainder when 20662642 is divided by 7187.
17
What is the remainder when 104845 is divided by 64?
13
Calculate the remainder when 2051322 is divided by 175.
147
What is the remainder when 922985 is divided by 15917?
15716
Calculate the remainder when 23220658 is divided by 703656.
10
Calculate the remainder when 11136581 is divided by 3973.
262
Calculate the remainder when 54379708 is divided by 171.
169
What is the remainder when 11607891 is divided by 253?
251
Calculate the remainder when 957699 is divided by 5600.
99
Calculate the remainder when 148534 is divided by 362.
114
What is the remainder when 235735838 is divided by 789?
785
What is the remainder when 178844596 is divided by 180?
16
Calculate the remainder when 12150004 is divided by 6564.
40
Calculate the remainder when 33109095 is divided by 2346.
2343
What is the remainder when 143775 is divided by 817?
800
Calculate the remainder when 1664250 is divided by 52006.
58
Calculate the remainder when 15052735 is divided by 208.
191
What is the remainder when 22570 is divided by 808?
754
What is the remainder when 1515655 is divided by 1443?
505
Calculate the remainder when 7952812 is divided by 84.
28
What is the remainder when 782226 is divided by 28857?
3087
What is the remainder when 20397179 is divided by 1274823?
11
Calculate the remainder when 184647 is divided by 2840.
47
Calculate the remainder when 81311 is divided by 26664.
1319
What is the remainder when 789781 is divided by 37608?
13
What is the remainder when 630517 is divided by 202?
75
What is the remainder when 49077 is divided by 4852?
557
What is the remainder when 923430 is divided by 4122?
102
What is the remainder when 9539758 is divided by 114935?
153
What is the remainder when 251270 is divided by 401?
244
What is the remainder when 309702 is divided by 6452?
6
What is the remainder when 14617069 is divided by 21?
19
What is the remainder when 81481933 is divided by 8?
5
What is the remainder when 147514 is divided by 40?
34
Calculate the remainder when 5163902 is divided by 1993.
39
Calculate the remainder when 153968 is divided by 2023.
220
What is the remainder when 54184 is divided by 463?
13
What is the remainder when 1614749 is divided by 5078?
5023
What is the remainder when 193783 is divided by 5535?
58
What is the remainder when 2865770 is divided by 318416?
26
Calculate the remainder when 22855047 is divided by 21976.
7
Calculate the remainder when 239101 is divided by 2571.
2569
Calculate the remainder when 6525018 is divided by 247.
19
Calculate the remainder when 584035577 is divided by 194678525.
2
What is the remainder when 1374385994 is divided by 459?
458
What is the remainder when 506336 is divided by 1322?
10
What is the remainder when 9408944 is divided by 109406?
28
Calculate the remainder when 179480716 is divided by 127.
125
What is the remainder when 3210088 is divided by 58365?
13
What is the remainder when 40441655 is divided by 156?
59
What is the remainder when 17411703 is divided by 306?
303
Calculate the remainder when 809954 is divided by 1985.
74
What is the remainder when 421789 is divided by 140296?
901
Calculate the remainder when 77929 is divided by 583.
390
Calculate the remainder when 5483937 is divided by 105460.
17
What is the remainder when 437053 is divided by 205?
198
What is the remainder when 2630979 is divided by 459?
450
What is the remainder when 60768 is divided by 9993?
810
Calculate the remainder when 136650 is divided by 68320.
10
What is the remainder when 57104724 is divided by 58?
12
What is the remainder when 1774471 is divided by 22460?
131
Calculate the remainder when 25623147 is divided by 15.
12
Calculate the remainder when 3087599 is divided by 10158.
9725
What is the remainder when 68270 is divided by 270?
230
What is the remainder when 952738 is divided by 90?
88
Calculate the remainder when 9826661 is divided by 3067.
3060
Calculate the remainder when 26709 is divided by 4809.
2664
Calculate the remainder when 740716 is divided by 167.
71
What is the remainder when 553848 is divided by 261?
6
What is the remainder when 348585 is divided by 314?
45
What is the remainder when 7951007 is divided by 368?
367
What is the remainder when 66695809 is divided by 166?
163
Calculate the remainder when 254484 is divided by 2400.
84
Calculate the remainder when 219728 is divided by 160.
48
What is the remainder when 28482971 is divided by 9494323?
2
What is the remainder when 918405 is divided by 114725?
605
What is the remainder when 213435 is divided by 53354?
19
Calculate the remainder when 183343 is divided by 1055.
828
Calculate the remainder when 39077 is divided by 38817.
260
Calculate the remainder when 105535677 is divided by 282.
279
Calculate the remainder when 1134176 is divided by 567085.
6
What is the remainder when 134269015 is divided by 3227?
3226
What is the remainder when 746937569 is divided by 14115?
14114
Calculate the remainder when 191245 is divided by 1794.
1081
Calculate the remainder when 913652 is divided by 182728.
12
Calculate the remainder when 31868305 is divided by 7967076.
1
What is the remainder when 102021811 is divided by 4300?
11
Calculate the remainder when 4805323 is divided by 6052.
35
Calculate the remainder when 147474 is divided by 147466.
8
Calculate the remainder when 103166 is divided by 20630.
16
What is the remainder when 1629222 is divided by 135759?
114
Calculate the remainder when 537185 is divided by 895.
185
What is the remainder when 203987801 is divided by 128?
89
What is the remainder when 19371112 is divided by 514?
508
Calculate the remainder when 11886945 is divided by 37.
29
Calculate the remainder when 150054 is divided by 37475.
154
Calculate the remainder when 2756913 is divided by 689228.
1
Calculate the remainder when 7926799 is divided by 62.
37
Calculate the remainder when 5722546 is divided by 20079.
31
Calculate the remainder when 360538 is divided by 12391.
1199
What is the remainder when 508743 is divided by 4?
3
What is the remainder when 114306 is divided by 56449?
1408
Calculate the remainder when 25457366 is divided by 2828595.
11
Calculate the remainder when 25656283 is divided by 12828135.
13
Calculate the remainder when 1758445 is divided by 159.
64
Calculate the remainder when 180513 is divided by 4602.
1035
What is the remainder when 3239369 is divided by 6194?
6101
Calculate the remainder when 224859 is divided by 3803.
482
What is the remainder when 14491426 is divided by 41642?
10
What is the remainder when 693439 is divided by 173307?
211
What is the remainder when 560827 is divided by 186269?
2020
Calculate the remainder when 109341503 is divided by 927.
926
Calculate the remainder when 157805 is divided by 1052.
5
Calculate the remainder when 3182937 is divided by 12.
9
What is the remainder when 504991 is divided by 188?
23
Calculate the remainder when 3620373 is divided by 324.
321
What is the remainder when 3031690 is divided by 44?
2
Calculate the remainder when 904022